 Calculate the greatest common divisor of d and 34.
34
Let t = -26 - -13. Let z be 38*1*t/(-26). What is the highest common divisor of 76 and z?
19
Suppose -10*c + 11*c + a = 25, 3*a = -2*c + 51. Calculate the greatest common factor of c and 1296.
24
Suppose -11*h = -63*h + 468. What is the highest common factor of h and 93?
3
Suppose 4*o = 8, -2*o = 5*z + 280 - 724. Suppose 4*d - 33 = d. What is the greatest common divisor of z and d?
11
Let j be -1 - -5 - (-1 + 1). Suppose -d = j*d - 120. What is the greatest common factor of d and 12?
12
Suppose 4*y - 168 = -3*y. Suppose 33*l + y = 36*l. What is the highest common factor of 24 and l?
8
Suppose 0 = 5*x + q - 22, -x = 3*x - 3*q - 10. Suppose 0 = 2*c - 6, 62 = z - x*c - 22. Calculate the highest common divisor of z and 12.
12
Suppose 5*a = 19 + 6. Let c be 6*(-10)/20 + (-2 - -65). Calculate the highest common divisor of a and c.
5
Let w(q) = q**2 - q + 14. Suppose -4*x + 13 = -15. Suppose d + 2 + x = 3*c, 12 = 3*d + 4*c. Let s be w(d). What is the highest common divisor of 21 and s?
7
Let f = -2860 - -3226. What is the greatest common factor of 1220 and f?
122
Let l be 2*((-522)/12)/(-3). Calculate the greatest common factor of 841 and l.
29
Let x = 60 + -38. Let k = -15 + x. What is the highest common divisor of 63 and k?
7
Suppose -2*b + 4*b = -56. Suppose 18 = -4*h - 34. Let x = h - b. Calculate the greatest common divisor of 165 and x.
15
Let i be 1068/8*(-84)/(-21). What is the highest common divisor of 3 and i?
3
Let o = 247 + -205. Calculate the highest common factor of o and 14.
14
Let o be (0 - 144)/(-2) + (-15 - -16). Suppose -o*i + 74*i = 12. Suppose -3*s - 144 = -6*s. What is the highest common factor of s and i?
12
Let w(m) = m**2 - 4*m - 8. Let b be w(6). Let x be 19/b - 9/(-36). Suppose 3 = u - x. Calculate the greatest common divisor of u and 32.
8
Let h be (-208)/91*(-14)/4. Suppose -47 = -2*n + y, 5*y + h + 7 = 0. Calculate the greatest common factor of n and 22.
22
Let s(l) = l + 2. Let z be s(-2). Let w be z - (-1)/(-5) - (-955)/25. Calculate the greatest common divisor of w and 95.
19
Let y be (-6)/((-1 + 2)/(-3)). Let l = y - 11. Suppose 7*v = -5*v + 756. What is the greatest common divisor of v and l?
7
Let v(r) be the third derivative of r**5/60 + r**4/6 - r**3/3 + 11*r**2. Let q be v(-7). Calculate the greatest common factor of q and 171.
19
Suppose -2*l + 0*l - 62 = -5*w, 3*w - 37 = l. Let c(f) = f**2 - 11*f - 9. Let x be c(w). Calculate the highest common divisor of x and 2.
1
Let t(r) = -2*r**3 + r**2 + 12*r + 12. Let z be t(-4). Suppose -2*c - 12 - 8 = 0. Let l = z + c. What is the highest common factor of l and 14?
14
Let a = 1521 + -1463. What is the greatest common factor of 841 and a?
29
Let u(v) = v**2 + 13*v - 8. Let n be u(-24). Let i be n + -2 + -1 + 2. What is the greatest common divisor of 102 and i?
51
Let f = 670 + -472. Suppose 0 - 90 = 5*d. Let b = d - -40. What is the greatest common divisor of f and b?
22
Let m(i) = -31*i**3 + i + 10*i**3 - 19*i**3 + i**2. Let s be m(-1). What is the greatest common factor of 5 and s?
5
Suppose -5*d - y = -350, -6*y = -2*y. Calculate the highest common divisor of 42 and d.
14
Let a = -2 - -5. Suppose a*c = 3*b + 255, 5*c - 384 = -2*b + 62. Let z = 70 + -48. Calculate the highest common divisor of c and z.
22
Suppose 2*f + 100 = 112. Let j = 44 + -29. What is the greatest common divisor of j and f?
3
Suppose -3*h = -3*j - 90, 5*h - h = 2*j + 112. What is the highest common factor of h and 39?
13
Let g be (30016/(-140))/((-4)/10) + 3. Calculate the greatest common factor of 11 and g.
11
Suppose t = 3*n + 511, -18*t - n + 1553 = -15*t. Calculate the greatest common factor of t and 44.
11
Let t(o) = 112*o + 7. Let i be t(2). What is the highest common factor of i and 66?
33
Suppose -3*s - 13 = -22. Suppose s*u - 94 = 41. Suppose 6*c - 189 = -u. Calculate the highest common divisor of 24 and c.
24
Let f be (-8 - 136/(-8)) + 83. Calculate the greatest common factor of f and 23.
23
Let k be 1/(-9) + 308/18. Let n = k - -55. Calculate the highest common divisor of n and 18.
18
Suppose -6 = 3*w, -h - 4*w = -2*h + 617. What is the greatest common divisor of 348 and h?
87
Let f = 36 + -32. Suppose f*w = -4*c + 3*w + 222, -283 = -5*c - 4*w. Calculate the greatest common divisor of 11 and c.
11
Suppose 18 = 2*x + 3*j, 3*x - 4*x + 11 = 2*j. Suppose 2*v - 81 = 3*g, -v + 177 = x*v - 3*g. Calculate the greatest common divisor of 6 and v.
6
Suppose -v + 3*v = 6. Let o be v/(-2)*(-2)/3. Let q be 12/o*(-10)/(-3). Calculate the highest common divisor of 100 and q.
20
Let p = -255 - -263. What is the greatest common factor of 2 and p?
2
Suppose 0 = -3*q + 2*r + 102, -5*q = -0*q + 3*r - 151. Suppose -5*m + 18 = -22. What is the highest common factor of q and m?
8
Let r(b) be the first derivative of -b**4/4 - 2*b**3/3 + b**2 + b + 21. Let o be r(-4). Calculate the highest common divisor of o and 175.
25
Suppose -76*d = -29*d - 94. Calculate the highest common factor of 63 and d.
1
Let z = 54 - 9. Let v(g) be the third derivative of g**6/60 - g**5/15 - g**4/12 + g**3/2 + 9*g**2. Let s be v(3). What is the highest common divisor of z and s?
15
Let h be (-14 - 32) + (1 - -2). Let v = -37 - h. Let s be (-6)/v - (1 - 56). Calculate the highest common factor of s and 36.
18
Suppose -5*m - 99 = -4*w, -2*w + 18 = m - 21. Calculate the highest common divisor of 14 and w.
7
Suppose 0 = -d + 3*x + 6, -3*x - 3 = -0. Suppose 5 = 4*b - 3*b. Let z = 8 - b. Calculate the greatest common factor of d and z.
3
Let f = 501 - 495. Calculate the greatest common factor of 57 and f.
3
Suppose -6*k - 313 = -1045. Calculate the greatest common factor of k and 2.
2
Suppose 717*k + 495 = 732*k. Let y be 1/((2/22)/1). What is the highest common divisor of k and y?
11
Suppose 0*q + 4*g - 64 = -3*q, 2*q - 5*g = 35. Suppose 4*k - q - 28 = 0. What is the greatest common factor of 36 and k?
12
Let s(z) = 70*z - 579. Let l be s(9). What is the greatest common factor of 221 and l?
17
Suppose 0 = -5*u + 114 - 374. Let y = u + 67. What is the highest common divisor of y and 15?
15
Suppose 5*f = -5, -2*v - f - 3*f = -8. Suppose v*j - 10*j = 0. Let g be (-1 - -1) + j + 18. What is the greatest common divisor of 90 and g?
18
Let o be 8*2*(-1)/(-2). Let z = 78 + -38. Suppose c = -c + z. What is the greatest common divisor of o and c?
4
Let a(m) = 22*m - 1. Let z be a(1). Let n = 975 + -870. Calculate the highest common factor of n and z.
21
Suppose 4*s = s. Suppose s = 2*z - 0*z - 20. What is the greatest common factor of 15 and z?
5
Suppose 5*j + 9 - 29 = 0. Suppose 0 = 5*r + j*b - 47 - 3, -4*r + 2*b + 40 = 0. Calculate the highest common divisor of 100 and r.
10
Let h be (6 - 1 - 621/46)*-98. What is the highest common factor of h and 49?
49
Let c(a) = -19. Let g(k) = -k + 1. Let s(b) = c(b) + 5*g(b). Let t be s(-7). Let q(w) = -4*w - 3. Let r be q(-6). What is the highest common factor of r and t?
21
Let h = 6 + -2. Suppose -357 = -h*p + l, -l - 242 = -3*p + 27. Suppose 3*r = b + 18 + 17, 0 = b + 2. Calculate the highest common divisor of p and r.
11
Suppose -2*t - a + 5*a = -1730, 5*t - 4*a = 4295. Calculate the greatest common divisor of t and 45.
45
Suppose 6*g - 322 + 82 = 0. Let m = -9 - -25. What is the highest common factor of m and g?
8
Let s = -79 - -332. Suppose 0 = 4*m - 106 + 14. Calculate the greatest common divisor of m and s.
23
Let s(a) = -a**3 - 10*a**2 + a + 28. Let r be s(-10). Calculate the greatest common factor of r and 144.
18
Let u = 484 + 860. What is the highest common divisor of 21 and u?
21
Suppose -2*t + 5*d = -63, 0 = -31*t + 29*t + 3*d + 65. Calculate the greatest common factor of 4114 and t.
34
Let d(y) = -35*y + 17. Let t be d(2). Let k = -17 - t. What is the highest common factor of k and 4?
4
Suppose 0 = 5*b + 10, z - 4*b + 432 = 6*z. What is the highest common factor of z and 22?
22
Let k(p) = -52*p**3 + p**2 + 17*p + 21. Let y be k(-4). Calculate the greatest common factor of y and 21.
21
Suppose 92 = 4*f + 5*d + 36, 0 = -f + 3*d + 14. Let q be 11 - ((-27)/(-18))/((-2)/4). Calculate the greatest common factor of q and f.
14
Let d = 61 + -36. Suppose 110 = 5*b + 17*b. What is the highest common divisor of d and b?
5
Let g = 24 + 12. Let 